{"id":4303,"date":"2026-03-16T11:33:46","date_gmt":"2026-03-16T15:33:46","guid":{"rendered":"https:\/\/jarjar.blog\/wordpress\/?page_id=4303"},"modified":"2026-03-26T13:50:59","modified_gmt":"2026-03-26T17:50:59","slug":"notes-sur-lia","status":"publish","type":"page","link":"https:\/\/jarjar.blog\/wordpress\/index.php\/notes-sur-lia\/","title":{"rendered":"Notes sur l&rsquo;IA"},"content":{"rendered":"\n<h2 class=\"wp-block-heading\"><strong>Comment l&rsquo;IA est-elle utilis\u00e9e sur ce site<\/strong> ?<\/h2>\n\n\n\n<p>On entend souvent la m\u00eame crainte : \u00ab L\u2019IA va nous remplacer. \u00bb Cette inqui\u00e9tude est compr\u00e9hensible, mais elle repose sur une pr\u00e9misse qu\u2019il vaut la peine de remettre en question. <strong>L\u2019IA ne pense pas vraiment (mais presque), elle pr\u00e9dit, calcule et g\u00e9n\u00e8re<\/strong>. Sa puissance vient justement de ce que nous y ajoutons : le jugement, le contexte, les valeurs et le sens des responsabilit\u00e9s. Et, sans surprise, l\u2019intelligence artificielle est d\u00e9sormais omnipr\u00e9sente en 2026. Elle prend de plus en plus de place, au point qu\u2019il devient impossible de l\u2019ignorer.<\/p>\n\n\n\n<figure class=\"wp-block-image size-full\"><img loading=\"lazy\" decoding=\"async\" width=\"1024\" height=\"808\" src=\"https:\/\/jarjar.blog\/wordpress\/wp-content\/uploads\/2026\/03\/iautilisation.jpg\" alt=\"\" class=\"wp-image-4384\" srcset=\"https:\/\/jarjar.blog\/wordpress\/wp-content\/uploads\/2026\/03\/iautilisation.jpg 1024w, https:\/\/jarjar.blog\/wordpress\/wp-content\/uploads\/2026\/03\/iautilisation-300x237.jpg 300w, https:\/\/jarjar.blog\/wordpress\/wp-content\/uploads\/2026\/03\/iautilisation-768x606.jpg 768w\" sizes=\"auto, (max-width: 1024px) 100vw, 1024px\" \/><\/figure>\n\n\n\n<p>Je travaille en informatique, et l&rsquo;IA est au coeur de mon travail au quotiden; je l&rsquo;explore dans toutes ces formes, l&rsquo;\u00e9tudie, la configure, l&rsquo;optimise, la pr\u00e9sente et positionne ses bonnes pratiques aupr\u00e8s de mes clients. J&rsquo;utilise l&rsquo;IA dans le cadre de ce blogue comme assistant. <strong>Mais prenez note que j&rsquo;ai \u00e9crit absolument tout le contenu de mes articles;<\/strong> Je prends le temps de noter ce qui me passe par la t\u00eate, \u00e0 la lecture des r\u00e8gles, lors des parties de test, mais aussi et surtout juste apr\u00e8s une s\u00e9ance de jeu, avant d&rsquo;assembler le tout.<br><\/p>\n\n\n\n<p class=\"has-light-gray-background-color has-background\"><strong>CONTEXTE D&rsquo;UTILISATION DES IA <\/strong><br>J&rsquo;utilise les IA principalement pour : <br>1) faire des recherches sur les jeux, auteurs, \u00e9diteurs et \u00e9v\u00e8nements ludiques<br>2) corriger la grammaire et la structure de mes textes<br>3) peaufiner\/valider certaines pens\u00e9es <br>4) g\u00e9n\u00e9rer certaines images. Je ne suis pas designer graphique et je n&rsquo;ai pas non plus le budget pour engager un artiste. Par contre, sur ce point, je tends \u00e0 restreindre son utilisation. <br>5) m&rsquo;aider dans la r\u00e9solution de probl\u00e8mes techniques <br>6) g\u00e9rer la mise en page du th\u00e8me avec WordPress, apporter quelques petits modifications au code<\/p>\n\n\n\n<h2 class=\"wp-block-heading\">Soyez sans crainte : vous ne lisez pas le texte d&rsquo;une IA, vous lisez bien les textes d&rsquo;un \u00eatre humain passionn\u00e9 par les jeux, qui aime et veut partager ses exp\u00e9riences<strong>,<\/strong> de la fa\u00e7on la plus authentique possible avec vous. <br><\/h2>\n\n\n\n<p>L&rsquo;IA n&rsquo;est pas parfaite et demande toujours v\u00e9rification. Mais c&rsquo;est un outil g\u00e9nial si c&rsquo;est vous qui la menez. Elle ne vous remplace pas : elle vous aide simplement \u00e0 \u00eatre encore meilleur et plus efficace dans votre domaine.<br><br>Pour les plus curieux d&rsquo;entre vous, voici un peu plus de d\u00e9tails techniques sur les outils d&rsquo;IA que j&rsquo;utilise. Je navigue dans l&rsquo;IA gr\u00e2ce \u00e0 des agents, je travaille avec Visual Studio Code et Copilot, mais je suis en train de me familiariser avec <a href=\"https:\/\/cursor.com\/\">Cursor<\/a> pour une \u00e9ventuelle migration. J&rsquo;explore aussi le ph\u00e9nom\u00e8ne mondial du moment : <a href=\"https:\/\/openclaw.ai\/\" target=\"_blank\" rel=\"noreferrer noopener\">Openclaw<\/a>. <a href=\"https:\/\/www.getrecall.ai\/\" target=\"_blank\" rel=\"noreferrer noopener\">Recall<\/a> comme extension dans Chrome pour r\u00e9sumer de longs textes et les NotebookLM de Google pour questionner plusieurs documents, dont des r\u00e8gles bien s\u00fbr.<br><br>J&rsquo;utilise diff\u00e9rents LLM (Large Language Model), en ligne : <a href=\"https:\/\/claude.ai\/\" target=\"_blank\" rel=\"noreferrer noopener\">Claude<\/a> pour corriger mes textes (il le fait vraiment bien sans modifier le sens de mes phrases), mais aussi pour faire des recherches. <a href=\"https:\/\/chatgpt.com\/\" target=\"_blank\" rel=\"noreferrer noopener\">ChatGPT<\/a> pour retravailler la structure des textes, valider certains points de r\u00e8gles et pour mes questions sur les jeux en g\u00e9n\u00e9ral. J&rsquo;aime bien Chatgpt car il est tr\u00e8s rapide et pratiquement toujours fonctionnel. <a href=\"https:\/\/gemini.google.com\/\" target=\"_blank\" rel=\"noreferrer noopener\">Gemini<\/a> pour les tournures de phrases mais aussi pour la g\u00e9n\u00e9ration d&rsquo;images.<br>En local, j&rsquo;en explore r\u00e9guli\u00e8rement de nouveaux, mais ces derniers temps, je tourne surtout autour de Qwen (Alibaba), DeepSeek et Granite (IBM). <br>Vous pouvez retrouver une panoplie de technologies sur l&rsquo;IA sur le site de r\u00e9f\u00e9rence <a href=\"https:\/\/huggingface.co\/\" target=\"_blank\" rel=\"noreferrer noopener\">HuggingFace<\/a>.<\/p>\n\n\n\n<p><\/p>\n<div class=\"pld-like-dislike-wrap pld-template-1\">\r\n    <div class=\"pld-like-wrap  pld-common-wrap\">\r\n    <a href=\"javascript:void(0)\" class=\"pld-like-trigger pld-like-dislike-trigger  \" title=\"Aime\" data-post-id=\"4303\" data-trigger-type=\"like\" data-restriction=\"cookie\" data-already-liked=\"0\">\r\n                        <i class=\"fas fa-thumbs-up\"><\/i>\r\n                <\/a>\r\n    <span class=\"pld-like-count-wrap pld-count-wrap\">    <\/span>\r\n<\/div><div class=\"pld-dislike-wrap  pld-common-wrap\">\r\n    <a href=\"javascript:void(0)\" class=\"pld-dislike-trigger pld-like-dislike-trigger  \" title=\"n&#039;aime pas\" data-post-id=\"4303\" data-trigger-type=\"dislike\" data-restriction=\"cookie\" data-already-liked=\"0\">\r\n                        <i class=\"fas fa-thumbs-down\"><\/i>\r\n                <\/a>\r\n    <span class=\"pld-dislike-count-wrap pld-count-wrap\"><\/span>\r\n<\/div><\/div>","protected":false},"excerpt":{"rendered":"<p>Comment l&rsquo;IA est-elle utilis\u00e9e sur ce site ? On entend souvent la m\u00eame crainte : \u00ab L\u2019IA va nous remplacer. \u00bb Cette inqui\u00e9tude est compr\u00e9hensible, mais elle repose sur une pr\u00e9misse qu\u2019il vaut la peine de remettre en question. L\u2019IA ne pense pas vraiment (mais presque), elle pr\u00e9dit, calcule et g\u00e9n\u00e8re. Sa puissance vient justement [&hellip;]<\/p>\n","protected":false},"author":1,"featured_media":4308,"parent":0,"menu_order":0,"comment_status":"closed","ping_status":"closed","template":"","meta":{"_lmt_disableupdate":"","_lmt_disable":"","_monsterinsights_skip_tracking":false,"_monsterinsights_sitenote_active":false,"_monsterinsights_sitenote_note":"","_monsterinsights_sitenote_category":0,"footnotes":""},"class_list":["post-4303","page","type-page","status-publish","has-post-thumbnail","hentry"],"yoast_head":"<!-- This site is optimized with the Yoast SEO plugin v27.5 - https:\/\/yoast.com\/product\/yoast-seo-wordpress\/ -->\n<title>Notes sur l&#039;IA - Le journal de Jarjar<\/title>\n<meta name=\"robots\" content=\"index, follow, max-snippet:-1, max-image-preview:large, max-video-preview:-1\" \/>\n<link rel=\"canonical\" href=\"https:\/\/jarjar.blog\/wordpress\/index.php\/notes-sur-lia\/\" \/>\n<meta property=\"og:locale\" content=\"fr_CA\" \/>\n<meta property=\"og:type\" content=\"article\" \/>\n<meta property=\"og:title\" content=\"Notes sur l&#039;IA - Le journal de Jarjar\" \/>\n<meta property=\"og:description\" content=\"Comment l&rsquo;IA est-elle utilis\u00e9e sur ce site ? On entend souvent la m\u00eame crainte : \u00ab L\u2019IA va nous remplacer. \u00bb Cette inqui\u00e9tude est compr\u00e9hensible, mais elle repose sur une pr\u00e9misse qu\u2019il vaut la peine de remettre en question. L\u2019IA ne pense pas vraiment (mais presque), elle pr\u00e9dit, calcule et g\u00e9n\u00e8re. Sa puissance vient justement [&hellip;]\" \/>\n<meta property=\"og:url\" content=\"https:\/\/jarjar.blog\/wordpress\/index.php\/notes-sur-lia\/\" \/>\n<meta property=\"og:site_name\" content=\"Le journal de Jarjar\" \/>\n<meta property=\"article:modified_time\" content=\"2026-03-26T17:50:59+00:00\" \/>\n<meta property=\"og:image\" content=\"https:\/\/jarjar.blog\/wordpress\/wp-content\/uploads\/2026\/03\/image-6.png\" \/>\n\t<meta property=\"og:image:width\" content=\"1063\" \/>\n\t<meta property=\"og:image:height\" content=\"700\" \/>\n\t<meta property=\"og:image:type\" content=\"image\/png\" \/>\n<meta name=\"twitter:card\" content=\"summary_large_image\" \/>\n<meta name=\"twitter:label1\" content=\"Estimation du temps de lecture\" \/>\n\t<meta name=\"twitter:data1\" content=\"4 minutes\" \/>\n<script type=\"application\/ld+json\" class=\"yoast-schema-graph\">{\"@context\":\"https:\\\/\\\/schema.org\",\"@graph\":[{\"@type\":\"WebPage\",\"@id\":\"https:\\\/\\\/jarjar.blog\\\/wordpress\\\/index.php\\\/notes-sur-lia\\\/\",\"url\":\"https:\\\/\\\/jarjar.blog\\\/wordpress\\\/index.php\\\/notes-sur-lia\\\/\",\"name\":\"Notes sur l'IA - Le journal de Jarjar\",\"isPartOf\":{\"@id\":\"https:\\\/\\\/jarjar.blog\\\/wordpress\\\/#website\"},\"primaryImageOfPage\":{\"@id\":\"https:\\\/\\\/jarjar.blog\\\/wordpress\\\/index.php\\\/notes-sur-lia\\\/#primaryimage\"},\"image\":{\"@id\":\"https:\\\/\\\/jarjar.blog\\\/wordpress\\\/index.php\\\/notes-sur-lia\\\/#primaryimage\"},\"thumbnailUrl\":\"https:\\\/\\\/jarjar.blog\\\/wordpress\\\/wp-content\\\/uploads\\\/2026\\\/03\\\/image-6.png\",\"datePublished\":\"2026-03-16T15:33:46+00:00\",\"dateModified\":\"2026-03-26T17:50:59+00:00\",\"breadcrumb\":{\"@id\":\"https:\\\/\\\/jarjar.blog\\\/wordpress\\\/index.php\\\/notes-sur-lia\\\/#breadcrumb\"},\"inLanguage\":\"fr-CA\",\"potentialAction\":[{\"@type\":\"ReadAction\",\"target\":[\"https:\\\/\\\/jarjar.blog\\\/wordpress\\\/index.php\\\/notes-sur-lia\\\/\"]}]},{\"@type\":\"ImageObject\",\"inLanguage\":\"fr-CA\",\"@id\":\"https:\\\/\\\/jarjar.blog\\\/wordpress\\\/index.php\\\/notes-sur-lia\\\/#primaryimage\",\"url\":\"https:\\\/\\\/jarjar.blog\\\/wordpress\\\/wp-content\\\/uploads\\\/2026\\\/03\\\/image-6.png\",\"contentUrl\":\"https:\\\/\\\/jarjar.blog\\\/wordpress\\\/wp-content\\\/uploads\\\/2026\\\/03\\\/image-6.png\",\"width\":1063,\"height\":700},{\"@type\":\"BreadcrumbList\",\"@id\":\"https:\\\/\\\/jarjar.blog\\\/wordpress\\\/index.php\\\/notes-sur-lia\\\/#breadcrumb\",\"itemListElement\":[{\"@type\":\"ListItem\",\"position\":1,\"name\":\"Accueil\",\"item\":\"https:\\\/\\\/jarjar.blog\\\/wordpress\\\/\"},{\"@type\":\"ListItem\",\"position\":2,\"name\":\"Notes sur l&rsquo;IA\"}]},{\"@type\":\"WebSite\",\"@id\":\"https:\\\/\\\/jarjar.blog\\\/wordpress\\\/#website\",\"url\":\"https:\\\/\\\/jarjar.blog\\\/wordpress\\\/\",\"name\":\"Le journal de Jarjar\",\"description\":\"Jeux de soci\u00e9t\u00e9 : faits, analyses, comptes rendus et critiques personnelles\",\"publisher\":{\"@id\":\"https:\\\/\\\/jarjar.blog\\\/wordpress\\\/#\\\/schema\\\/person\\\/29a624ba0374f5ca7f517b03bbb9a016\"},\"potentialAction\":[{\"@type\":\"SearchAction\",\"target\":{\"@type\":\"EntryPoint\",\"urlTemplate\":\"https:\\\/\\\/jarjar.blog\\\/wordpress\\\/?s={search_term_string}\"},\"query-input\":{\"@type\":\"PropertyValueSpecification\",\"valueRequired\":true,\"valueName\":\"search_term_string\"}}],\"inLanguage\":\"fr-CA\"},{\"@type\":[\"Person\",\"Organization\"],\"@id\":\"https:\\\/\\\/jarjar.blog\\\/wordpress\\\/#\\\/schema\\\/person\\\/29a624ba0374f5ca7f517b03bbb9a016\",\"name\":\"Jarjar\",\"image\":{\"@type\":\"ImageObject\",\"inLanguage\":\"fr-CA\",\"@id\":\"https:\\\/\\\/jarjar.blog\\\/wordpress\\\/wp-content\\\/uploads\\\/2024\\\/12\\\/cropped-Jar-Jar-Binks-icon.png\",\"url\":\"https:\\\/\\\/jarjar.blog\\\/wordpress\\\/wp-content\\\/uploads\\\/2024\\\/12\\\/cropped-Jar-Jar-Binks-icon.png\",\"contentUrl\":\"https:\\\/\\\/jarjar.blog\\\/wordpress\\\/wp-content\\\/uploads\\\/2024\\\/12\\\/cropped-Jar-Jar-Binks-icon.png\",\"width\":512,\"height\":512,\"caption\":\"Jarjar\"},\"logo\":{\"@id\":\"https:\\\/\\\/jarjar.blog\\\/wordpress\\\/wp-content\\\/uploads\\\/2024\\\/12\\\/cropped-Jar-Jar-Binks-icon.png\"},\"sameAs\":[\"http:\\\/\\\/jarjar.blog\\\/wordpress\"]}]}<\/script>\n<!-- \/ Yoast SEO plugin. -->","yoast_head_json":{"title":"Notes sur l'IA - Le journal de Jarjar","robots":{"index":"index","follow":"follow","max-snippet":"max-snippet:-1","max-image-preview":"max-image-preview:large","max-video-preview":"max-video-preview:-1"},"canonical":"https:\/\/jarjar.blog\/wordpress\/index.php\/notes-sur-lia\/","og_locale":"fr_CA","og_type":"article","og_title":"Notes sur l'IA - Le journal de Jarjar","og_description":"Comment l&rsquo;IA est-elle utilis\u00e9e sur ce site ? On entend souvent la m\u00eame crainte : \u00ab L\u2019IA va nous remplacer. \u00bb Cette inqui\u00e9tude est compr\u00e9hensible, mais elle repose sur une pr\u00e9misse qu\u2019il vaut la peine de remettre en question. L\u2019IA ne pense pas vraiment (mais presque), elle pr\u00e9dit, calcule et g\u00e9n\u00e8re. Sa puissance vient justement [&hellip;]","og_url":"https:\/\/jarjar.blog\/wordpress\/index.php\/notes-sur-lia\/","og_site_name":"Le journal de Jarjar","article_modified_time":"2026-03-26T17:50:59+00:00","og_image":[{"width":1063,"height":700,"url":"https:\/\/jarjar.blog\/wordpress\/wp-content\/uploads\/2026\/03\/image-6.png","type":"image\/png"}],"twitter_card":"summary_large_image","twitter_misc":{"Estimation du temps de lecture":"4 minutes"},"schema":{"@context":"https:\/\/schema.org","@graph":[{"@type":"WebPage","@id":"https:\/\/jarjar.blog\/wordpress\/index.php\/notes-sur-lia\/","url":"https:\/\/jarjar.blog\/wordpress\/index.php\/notes-sur-lia\/","name":"Notes sur l'IA - Le journal de Jarjar","isPartOf":{"@id":"https:\/\/jarjar.blog\/wordpress\/#website"},"primaryImageOfPage":{"@id":"https:\/\/jarjar.blog\/wordpress\/index.php\/notes-sur-lia\/#primaryimage"},"image":{"@id":"https:\/\/jarjar.blog\/wordpress\/index.php\/notes-sur-lia\/#primaryimage"},"thumbnailUrl":"https:\/\/jarjar.blog\/wordpress\/wp-content\/uploads\/2026\/03\/image-6.png","datePublished":"2026-03-16T15:33:46+00:00","dateModified":"2026-03-26T17:50:59+00:00","breadcrumb":{"@id":"https:\/\/jarjar.blog\/wordpress\/index.php\/notes-sur-lia\/#breadcrumb"},"inLanguage":"fr-CA","potentialAction":[{"@type":"ReadAction","target":["https:\/\/jarjar.blog\/wordpress\/index.php\/notes-sur-lia\/"]}]},{"@type":"ImageObject","inLanguage":"fr-CA","@id":"https:\/\/jarjar.blog\/wordpress\/index.php\/notes-sur-lia\/#primaryimage","url":"https:\/\/jarjar.blog\/wordpress\/wp-content\/uploads\/2026\/03\/image-6.png","contentUrl":"https:\/\/jarjar.blog\/wordpress\/wp-content\/uploads\/2026\/03\/image-6.png","width":1063,"height":700},{"@type":"BreadcrumbList","@id":"https:\/\/jarjar.blog\/wordpress\/index.php\/notes-sur-lia\/#breadcrumb","itemListElement":[{"@type":"ListItem","position":1,"name":"Accueil","item":"https:\/\/jarjar.blog\/wordpress\/"},{"@type":"ListItem","position":2,"name":"Notes sur l&rsquo;IA"}]},{"@type":"WebSite","@id":"https:\/\/jarjar.blog\/wordpress\/#website","url":"https:\/\/jarjar.blog\/wordpress\/","name":"Le journal de Jarjar","description":"Jeux de soci\u00e9t\u00e9 : faits, analyses, comptes rendus et critiques personnelles","publisher":{"@id":"https:\/\/jarjar.blog\/wordpress\/#\/schema\/person\/29a624ba0374f5ca7f517b03bbb9a016"},"potentialAction":[{"@type":"SearchAction","target":{"@type":"EntryPoint","urlTemplate":"https:\/\/jarjar.blog\/wordpress\/?s={search_term_string}"},"query-input":{"@type":"PropertyValueSpecification","valueRequired":true,"valueName":"search_term_string"}}],"inLanguage":"fr-CA"},{"@type":["Person","Organization"],"@id":"https:\/\/jarjar.blog\/wordpress\/#\/schema\/person\/29a624ba0374f5ca7f517b03bbb9a016","name":"Jarjar","image":{"@type":"ImageObject","inLanguage":"fr-CA","@id":"https:\/\/jarjar.blog\/wordpress\/wp-content\/uploads\/2024\/12\/cropped-Jar-Jar-Binks-icon.png","url":"https:\/\/jarjar.blog\/wordpress\/wp-content\/uploads\/2024\/12\/cropped-Jar-Jar-Binks-icon.png","contentUrl":"https:\/\/jarjar.blog\/wordpress\/wp-content\/uploads\/2024\/12\/cropped-Jar-Jar-Binks-icon.png","width":512,"height":512,"caption":"Jarjar"},"logo":{"@id":"https:\/\/jarjar.blog\/wordpress\/wp-content\/uploads\/2024\/12\/cropped-Jar-Jar-Binks-icon.png"},"sameAs":["http:\/\/jarjar.blog\/wordpress"]}]}},"_links":{"self":[{"href":"https:\/\/jarjar.blog\/wordpress\/index.php\/wp-json\/wp\/v2\/pages\/4303","targetHints":{"allow":["GET"]}}],"collection":[{"href":"https:\/\/jarjar.blog\/wordpress\/index.php\/wp-json\/wp\/v2\/pages"}],"about":[{"href":"https:\/\/jarjar.blog\/wordpress\/index.php\/wp-json\/wp\/v2\/types\/page"}],"author":[{"embeddable":true,"href":"https:\/\/jarjar.blog\/wordpress\/index.php\/wp-json\/wp\/v2\/users\/1"}],"replies":[{"embeddable":true,"href":"https:\/\/jarjar.blog\/wordpress\/index.php\/wp-json\/wp\/v2\/comments?post=4303"}],"version-history":[{"count":29,"href":"https:\/\/jarjar.blog\/wordpress\/index.php\/wp-json\/wp\/v2\/pages\/4303\/revisions"}],"predecessor-version":[{"id":4461,"href":"https:\/\/jarjar.blog\/wordpress\/index.php\/wp-json\/wp\/v2\/pages\/4303\/revisions\/4461"}],"wp:featuredmedia":[{"embeddable":true,"href":"https:\/\/jarjar.blog\/wordpress\/index.php\/wp-json\/wp\/v2\/media\/4308"}],"wp:attachment":[{"href":"https:\/\/jarjar.blog\/wordpress\/index.php\/wp-json\/wp\/v2\/media?parent=4303"}],"curies":[{"name":"wp","href":"https:\/\/api.w.org\/{rel}","templated":true}]}}