{"id":51,"date":"2024-09-26T08:16:33","date_gmt":"2024-09-26T12:16:33","guid":{"rendered":"http:\/\/192.168.10.39\/wordpress\/?page_id=51"},"modified":"2026-03-27T06:34:57","modified_gmt":"2026-03-27T10:34:57","slug":"a-propos-de-moi","status":"publish","type":"page","link":"https:\/\/jarjar.blog\/wordpress\/index.php\/a-propos-de-moi\/","title":{"rendered":"\u00c0 propos de moi"},"content":{"rendered":"\n<p>Je ne suis pas auteur, ni d\u00e9veloppeur, et ne travaille pas dans le domaine ludique, le jeu de soci\u00e9t\u00e9 est un passe-temps qui est devenu avec le temps une v\u00e9ritable passion chez moi. Aussi loin que je me souvienne, j&rsquo;ai toujours aim\u00e9 jouer. Des jeux de soci\u00e9t\u00e9 simples et classiques aux jeux vid\u00e9o, en passant par les jeux de r\u00f4le, consacrant maintenant beaucoup de temps aux jeux de soci\u00e9t\u00e9, j&rsquo;ai un plaisir fou \u00e0 en acheter et prendre le temps de les d\u00e9couvrir, j&rsquo;ai une collection de plus de 470 jeux, entrepos\u00e9s dans mon sous-sol.<\/p>\n\n\n\n<figure class=\"wp-block-image size-large\"><img decoding=\"async\" src=\"https:\/\/jarjar.blog\/wordpress\/wp-content\/uploads\/2024\/09\/PXL_20220426_235323996.jpg\" alt=\"\"\/><\/figure>\n\n\n\n<p>Je passe beaucoup de temps \u00e0 lire sur le sujet. J&rsquo;adore d\u00e9couvrir les nouveaut\u00e9s afin de d\u00e9nicher de nouvelles m\u00e9caniques, mais aussi tout simplement par curiosit\u00e9.<br>Je vis au Qu\u00e9bec, avec ma conjointe et mes deux enfants, maintenant rendus de jeunes adultes. J&rsquo;adore le plein air et j&rsquo;ai la chance d&rsquo;avoir un chalet tout pr\u00e8s d&rsquo;une montagne o\u00f9 je pratique le ski alpin, ski de randonn\u00e9e, le v\u00e9lo de montagne et la course en sentier. Je suis aussi entra\u00eeneur de soccer aupr\u00e8s des jeunes, un passe-temps qui est tr\u00e8s valorisant.<\/p>\n\n\n\n<figure class=\"wp-block-image size-large\"><img loading=\"lazy\" decoding=\"async\" width=\"1024\" height=\"576\" src=\"https:\/\/jarjar.blog\/wordpress\/wp-content\/uploads\/2025\/01\/PXL_20211003_123551959-1024x576.jpg\" alt=\"\" class=\"wp-image-783\" srcset=\"https:\/\/jarjar.blog\/wordpress\/wp-content\/uploads\/2025\/01\/PXL_20211003_123551959-1024x576.jpg 1024w, https:\/\/jarjar.blog\/wordpress\/wp-content\/uploads\/2025\/01\/PXL_20211003_123551959-300x169.jpg 300w, https:\/\/jarjar.blog\/wordpress\/wp-content\/uploads\/2025\/01\/PXL_20211003_123551959-768x432.jpg 768w, https:\/\/jarjar.blog\/wordpress\/wp-content\/uploads\/2025\/01\/PXL_20211003_123551959-1536x864.jpg 1536w, https:\/\/jarjar.blog\/wordpress\/wp-content\/uploads\/2025\/01\/PXL_20211003_123551959.jpg 1644w\" sizes=\"auto, (max-width: 1024px) 100vw, 1024px\" \/><figcaption class=\"wp-element-caption\">Mont Sainte Anne &#8211; Automne 2024<\/figcaption><\/figure>\n\n\n\n<p class=\"has-light-gray-background-color has-background\"><strong>Les origines <\/strong><br>La d\u00e9couverte des jeux de soci\u00e9t\u00e9 modernes, au-del\u00e0 des classiques comme Monopoly ou Risk, a commenc\u00e9 avec <a href=\"https:\/\/boardgamegeek.com\/boardgame\/9209\/ticket-to-ride\" target=\"_blank\" rel=\"noreferrer noopener\">Les Aventuriers du Rail<\/a>, que mon fr\u00e8re nous a montr\u00e9 lors d&rsquo;une r\u00e9union de famille. Nous avons rapidement encha\u00een\u00e9 les parties tellement nous avions aim\u00e9. Cette exp\u00e9rience nous a men\u00e9s vers d&rsquo;autres titres, comme Carcassonne, Catan et l&rsquo;excellent Citadelles, dont les parties se sont multipli\u00e9es rapidement, \u00ab\u00a0pas encore le Condotti\u00e8re\u00a0\u00bb est devenu LA phrase marquante pour les derniers joueurs.<br>Ma passion grandissante m&rsquo;a conduit en 2008 vers la communaut\u00e9 des <a href=\"https:\/\/www.dragonsnocturnes.org\/forums\/index.php\" target=\"_blank\" rel=\"noreferrer noopener\">Dragons Nocturnes<\/a>, toujours active aujourd&rsquo;hui. Ce forum m&rsquo;a non seulement fait d\u00e9couvrir de nombreux jeux et \u00e9v\u00e9nements ludiques, mais m&rsquo;a aussi permis de rencontrer des personnes extraordinaires devenues depuis de tr\u00e8s bons amis !<\/p>\n\n\n\n<p>Vous retrouvez sur la page <a href=\"https:\/\/jarjar.blog\/wordpress\/index.php\/pourquoi_le_jeu\/\" data-type=\"page\" data-id=\"2\">Pourquoi le jeu de soci\u00e9t\u00e9<\/a> une r\u00e9flexion sur ce qui m&rsquo;a apport\u00e9 dans ce monde et pourquoi apr\u00e8s toutes ces ann\u00e9es, le jeu garde une place importante dans ma vie<br><br>Dans mes inspirations, des gens que j&rsquo;adore lire, il y a :<\/p>\n\n\n\n<ul class=\"wp-block-list\">\n<li><a href=\"https:\/\/www.ludolegars.fr\/\" target=\"_blank\" rel=\"noreferrer noopener\">Ludo le gars<\/a>, accompagn\u00e9 de sa fille, Leila, nous font revivre leurs parties dans les moindres d\u00e9tails. Il me rejoint beaucoup dans ses commentaires.<\/li>\n\n\n\n<li><a href=\"https:\/\/www.geeklette.fr\/\" data-type=\"link\" data-id=\"https:\/\/www.geeklette.fr\/\" target=\"_blank\" rel=\"noreferrer noopener\">Geeklette<\/a>, qui est \u00e0 l&rsquo;aff\u00fbt des derni\u00e8res nouvelles et n&rsquo;h\u00e9site pas \u00e0 les partager via ses sites et son compte sur <a href=\"https:\/\/x.com\/BlogGeekLette\" data-type=\"link\" data-id=\"https:\/\/x.com\/BlogGeekLette\">X<\/a>.<\/li>\n\n\n\n<li><a href=\"https:\/\/www.vindjeu.eu\/\" data-type=\"link\" data-id=\"https:\/\/www.vindjeu.eu\/\" target=\"_blank\" rel=\"noreferrer noopener\">Vin de jeux<\/a>, rempli de superbes comptes rendus et un classement dynamique qui j&rsquo;avoue, exerce une certaine influence sur moi \ud83d\ude42<\/li>\n\n\n\n<li>Paula Wong (sur la page Facebook de Boardgame Revolution), elle partage ses moments ludiques avec ses filles, \u00e7a me rappelle de bons souvenirs avec mes enfants. <\/li>\n\n\n\n<li>autres sources : \n<ul class=\"wp-block-list\">\n<li>Le magazine <a href=\"https:\/\/www.nostheide.shop\/en\/issues\/spielbox-issues\/\" data-type=\"link\" data-id=\"https:\/\/www.nostheide.shop\/en\/issues\/spielbox-issues\/\" target=\"_blank\" rel=\"noreferrer noopener\">Spielbox<\/a><\/li>\n\n\n\n<li>Les forums des <a href=\"https:\/\/www.dragonsnocturnes.org\/forums\/\" data-type=\"link\" data-id=\"https:\/\/www.dragonsnocturnes.org\/forums\/\" target=\"_blank\" rel=\"noreferrer noopener\">Dragons Noctures<\/a>, <a href=\"https:\/\/forum.trictrac.net\/latest\" data-type=\"link\" data-id=\"https:\/\/forum.trictrac.net\/latest\" target=\"_blank\" rel=\"noreferrer noopener\">Tric Trac<\/a> et <a href=\"https:\/\/boardgamegeek.com\/dashboard\" data-type=\"link\" data-id=\"https:\/\/boardgamegeek.com\/dashboard\" target=\"_blank\" rel=\"noreferrer noopener\">BGG<\/a><\/li>\n<\/ul>\n<\/li>\n<\/ul>\n\n\n<div class=\"wp-block-image\">\n<figure class=\"alignleft size-full is-resized\"><img loading=\"lazy\" decoding=\"async\" width=\"224\" height=\"195\" src=\"https:\/\/jarjar.blog\/wordpress\/wp-content\/uploads\/2025\/05\/jarjar-ico.png\" alt=\"\" class=\"wp-image-1821\" style=\"width:82px;height:auto\"\/><\/figure>\n<\/div>\n\n\n<p>D&rsquo;o\u00f9 vient mon surnom Jarjar ? Il remonte \u00e0 l&rsquo;aube de la d\u00e9mocratisation du web, \u00e0 un moment o\u00f9 je cherchais une identit\u00e9 num\u00e9rique. C&rsquo;\u00e9tait en 1999, ann\u00e9e marquante avec la sortie de Star Wars : La Menace Fant\u00f4me, un film dont l&rsquo;attente avait dur\u00e9 plus de deux d\u00e9cennies !<br>Je me souviens de l&rsquo;engouement : les spectateurs applaudissaient la bande-annonce, ph\u00e9nom\u00e8ne quand m\u00eame assez rare. Ayant grandi entour\u00e9 de figurines Star Wars et de mon pr\u00e9cieux Faucon Millenium, j&rsquo;ai \u00e9t\u00e9 profond\u00e9ment marqu\u00e9 par cette saga durant mon enfance. J&rsquo;ai choisi le surnom Jarjar en hommage \u00e0 cet \u00e9v\u00e9nement cin\u00e9matographique historique. Bien que le personnage ne soit pas central dans la saga et pr\u00eate parfois \u00e0 sourire avec ses grandes oreilles et son langage particulier, il est rest\u00e9 pour moi un symbole de cette suite tant attendue.<\/p>\n\n\n\n<p>Si vous avez du plaisir \u00e0 me lire, svp n&rsquo;h\u00e9sitez pas \u00e0 commenter les articles et partager avec vos amis ! <\/p>\n\n\n\n<p>Bonne lecture :=) <br><br><a title=\"\" href=\"https:\/\/boardgamegeek.com\/user\/jarjar26\" target=\"_blank\" rel=\"noopener\">Profil BGG<\/a> <br><a title=\"\" href=\"https:\/\/bsky.app\/profile\/jarjar.blog\" target=\"_blank\" rel=\"noopener\">Profil Bluesky<\/a><\/p>\n\n\n\n<p class=\"has-blue-background-color has-background\"><strong>C.V. Ludique <\/strong><\/p>\n\n\n\n<ul class=\"wp-block-list\">\n<li>Animateur <a href=\"https:\/\/larevanche.ca\/\" target=\"_blank\" rel=\"noopener\" title=\"\">La Revanche<\/a> (2020 &#8211; en cours)<\/li>\n\n\n\n<li>Organisateur des Journ\u00e9es Ludiques de Qu\u00e9bec (2012-2017) <\/li>\n\n\n\n<li>Playtesteur <a href=\"https:\/\/boardgamegeek.com\/boardgame\/91080\/andean-abyss\" target=\"_blank\" rel=\"noopener\" title=\"\">Andean Abyss<\/a> de GMT (2011)<\/li>\n\n\n\n<li>Collaborateur Ne Tirez pas sur le messager (NTSLM 2010-2011)<\/li>\n\n\n\n<li>Juge concours NTSLM (2010)<\/li>\n<\/ul>\n\n\n\n<p><\/p>\n<div class=\"pld-like-dislike-wrap pld-template-1\">\r\n    <div class=\"pld-like-wrap  pld-common-wrap\">\r\n    <a href=\"javascript:void(0)\" class=\"pld-like-trigger pld-like-dislike-trigger  \" title=\"Aime\" data-post-id=\"51\" data-trigger-type=\"like\" data-restriction=\"cookie\" data-already-liked=\"0\">\r\n                        <i class=\"fas fa-thumbs-up\"><\/i>\r\n                <\/a>\r\n    <span class=\"pld-like-count-wrap pld-count-wrap\">    <\/span>\r\n<\/div><div class=\"pld-dislike-wrap  pld-common-wrap\">\r\n    <a href=\"javascript:void(0)\" class=\"pld-dislike-trigger pld-like-dislike-trigger  \" title=\"n&#039;aime pas\" data-post-id=\"51\" data-trigger-type=\"dislike\" data-restriction=\"cookie\" data-already-liked=\"0\">\r\n                        <i class=\"fas fa-thumbs-down\"><\/i>\r\n                <\/a>\r\n    <span class=\"pld-dislike-count-wrap pld-count-wrap\"><\/span>\r\n<\/div><\/div>","protected":false},"excerpt":{"rendered":"<p>Je ne suis pas auteur, ni d\u00e9veloppeur, et ne travaille pas dans le domaine ludique, le jeu de soci\u00e9t\u00e9 est un passe-temps qui est devenu avec le temps une v\u00e9ritable passion chez moi. Aussi loin que je me souvienne, j&rsquo;ai toujours aim\u00e9 jouer. Des jeux de soci\u00e9t\u00e9 simples et classiques aux jeux vid\u00e9o, en passant [&hellip;]<\/p>\n","protected":false},"author":1,"featured_media":0,"parent":0,"menu_order":2,"comment_status":"closed","ping_status":"closed","template":"","meta":{"_lmt_disableupdate":"","_lmt_disable":"","_monsterinsights_skip_tracking":false,"_monsterinsights_sitenote_active":false,"_monsterinsights_sitenote_note":"","_monsterinsights_sitenote_category":0,"footnotes":""},"class_list":["post-51","page","type-page","status-publish","hentry"],"yoast_head":"<!-- This site is optimized with the Yoast SEO plugin v27.4 - https:\/\/yoast.com\/product\/yoast-seo-wordpress\/ -->\n<title>\u00c0 propos de moi - Le journal de Jarjar<\/title>\n<meta name=\"robots\" content=\"index, follow, max-snippet:-1, max-image-preview:large, max-video-preview:-1\" \/>\n<link rel=\"canonical\" href=\"https:\/\/jarjar.blog\/wordpress\/index.php\/a-propos-de-moi\/\" \/>\n<meta property=\"og:locale\" content=\"fr_CA\" \/>\n<meta property=\"og:type\" content=\"article\" \/>\n<meta property=\"og:title\" content=\"\u00c0 propos de moi - Le journal de Jarjar\" \/>\n<meta property=\"og:description\" content=\"Je ne suis pas auteur, ni d\u00e9veloppeur, et ne travaille pas dans le domaine ludique, le jeu de soci\u00e9t\u00e9 est un passe-temps qui est devenu avec le temps une v\u00e9ritable passion chez moi. Aussi loin que je me souvienne, j&rsquo;ai toujours aim\u00e9 jouer. Des jeux de soci\u00e9t\u00e9 simples et classiques aux jeux vid\u00e9o, en passant [&hellip;]\" \/>\n<meta property=\"og:url\" content=\"https:\/\/jarjar.blog\/wordpress\/index.php\/a-propos-de-moi\/\" \/>\n<meta property=\"og:site_name\" content=\"Le journal de Jarjar\" \/>\n<meta property=\"article:modified_time\" content=\"2026-03-27T10:34:57+00:00\" \/>\n<meta property=\"og:image\" content=\"http:\/\/jarjar.blog\/wordpress\/wp-content\/uploads\/2024\/09\/PXL_20220426_235323996.jpg\" \/>\n<meta name=\"twitter:card\" content=\"summary_large_image\" \/>\n<meta name=\"twitter:label1\" content=\"Estimation du temps de lecture\" \/>\n\t<meta name=\"twitter:data1\" content=\"4 minutes\" \/>\n<script type=\"application\/ld+json\" class=\"yoast-schema-graph\">{\"@context\":\"https:\\\/\\\/schema.org\",\"@graph\":[{\"@type\":\"WebPage\",\"@id\":\"https:\\\/\\\/jarjar.blog\\\/wordpress\\\/index.php\\\/a-propos-de-moi\\\/\",\"url\":\"https:\\\/\\\/jarjar.blog\\\/wordpress\\\/index.php\\\/a-propos-de-moi\\\/\",\"name\":\"\u00c0 propos de moi - Le journal de Jarjar\",\"isPartOf\":{\"@id\":\"https:\\\/\\\/jarjar.blog\\\/wordpress\\\/#website\"},\"primaryImageOfPage\":{\"@id\":\"https:\\\/\\\/jarjar.blog\\\/wordpress\\\/index.php\\\/a-propos-de-moi\\\/#primaryimage\"},\"image\":{\"@id\":\"https:\\\/\\\/jarjar.blog\\\/wordpress\\\/index.php\\\/a-propos-de-moi\\\/#primaryimage\"},\"thumbnailUrl\":\"http:\\\/\\\/jarjar.blog\\\/wordpress\\\/wp-content\\\/uploads\\\/2024\\\/09\\\/PXL_20220426_235323996.jpg\",\"datePublished\":\"2024-09-26T12:16:33+00:00\",\"dateModified\":\"2026-03-27T10:34:57+00:00\",\"breadcrumb\":{\"@id\":\"https:\\\/\\\/jarjar.blog\\\/wordpress\\\/index.php\\\/a-propos-de-moi\\\/#breadcrumb\"},\"inLanguage\":\"fr-CA\",\"potentialAction\":[{\"@type\":\"ReadAction\",\"target\":[\"https:\\\/\\\/jarjar.blog\\\/wordpress\\\/index.php\\\/a-propos-de-moi\\\/\"]}]},{\"@type\":\"ImageObject\",\"inLanguage\":\"fr-CA\",\"@id\":\"https:\\\/\\\/jarjar.blog\\\/wordpress\\\/index.php\\\/a-propos-de-moi\\\/#primaryimage\",\"url\":\"http:\\\/\\\/jarjar.blog\\\/wordpress\\\/wp-content\\\/uploads\\\/2024\\\/09\\\/PXL_20220426_235323996.jpg\",\"contentUrl\":\"http:\\\/\\\/jarjar.blog\\\/wordpress\\\/wp-content\\\/uploads\\\/2024\\\/09\\\/PXL_20220426_235323996.jpg\"},{\"@type\":\"BreadcrumbList\",\"@id\":\"https:\\\/\\\/jarjar.blog\\\/wordpress\\\/index.php\\\/a-propos-de-moi\\\/#breadcrumb\",\"itemListElement\":[{\"@type\":\"ListItem\",\"position\":1,\"name\":\"Accueil\",\"item\":\"https:\\\/\\\/jarjar.blog\\\/wordpress\\\/\"},{\"@type\":\"ListItem\",\"position\":2,\"name\":\"\u00c0 propos de moi\"}]},{\"@type\":\"WebSite\",\"@id\":\"https:\\\/\\\/jarjar.blog\\\/wordpress\\\/#website\",\"url\":\"https:\\\/\\\/jarjar.blog\\\/wordpress\\\/\",\"name\":\"Le journal de Jarjar\",\"description\":\"Jeux de soci\u00e9t\u00e9 : faits, analyses, comptes rendus et critiques personnelles\",\"publisher\":{\"@id\":\"https:\\\/\\\/jarjar.blog\\\/wordpress\\\/#\\\/schema\\\/person\\\/29a624ba0374f5ca7f517b03bbb9a016\"},\"potentialAction\":[{\"@type\":\"SearchAction\",\"target\":{\"@type\":\"EntryPoint\",\"urlTemplate\":\"https:\\\/\\\/jarjar.blog\\\/wordpress\\\/?s={search_term_string}\"},\"query-input\":{\"@type\":\"PropertyValueSpecification\",\"valueRequired\":true,\"valueName\":\"search_term_string\"}}],\"inLanguage\":\"fr-CA\"},{\"@type\":[\"Person\",\"Organization\"],\"@id\":\"https:\\\/\\\/jarjar.blog\\\/wordpress\\\/#\\\/schema\\\/person\\\/29a624ba0374f5ca7f517b03bbb9a016\",\"name\":\"Jarjar\",\"image\":{\"@type\":\"ImageObject\",\"inLanguage\":\"fr-CA\",\"@id\":\"https:\\\/\\\/jarjar.blog\\\/wordpress\\\/wp-content\\\/uploads\\\/2024\\\/12\\\/cropped-Jar-Jar-Binks-icon.png\",\"url\":\"https:\\\/\\\/jarjar.blog\\\/wordpress\\\/wp-content\\\/uploads\\\/2024\\\/12\\\/cropped-Jar-Jar-Binks-icon.png\",\"contentUrl\":\"https:\\\/\\\/jarjar.blog\\\/wordpress\\\/wp-content\\\/uploads\\\/2024\\\/12\\\/cropped-Jar-Jar-Binks-icon.png\",\"width\":512,\"height\":512,\"caption\":\"Jarjar\"},\"logo\":{\"@id\":\"https:\\\/\\\/jarjar.blog\\\/wordpress\\\/wp-content\\\/uploads\\\/2024\\\/12\\\/cropped-Jar-Jar-Binks-icon.png\"},\"sameAs\":[\"http:\\\/\\\/jarjar.blog\\\/wordpress\"]}]}<\/script>\n<!-- \/ Yoast SEO plugin. -->","yoast_head_json":{"title":"\u00c0 propos de moi - Le journal de Jarjar","robots":{"index":"index","follow":"follow","max-snippet":"max-snippet:-1","max-image-preview":"max-image-preview:large","max-video-preview":"max-video-preview:-1"},"canonical":"https:\/\/jarjar.blog\/wordpress\/index.php\/a-propos-de-moi\/","og_locale":"fr_CA","og_type":"article","og_title":"\u00c0 propos de moi - Le journal de Jarjar","og_description":"Je ne suis pas auteur, ni d\u00e9veloppeur, et ne travaille pas dans le domaine ludique, le jeu de soci\u00e9t\u00e9 est un passe-temps qui est devenu avec le temps une v\u00e9ritable passion chez moi. Aussi loin que je me souvienne, j&rsquo;ai toujours aim\u00e9 jouer. Des jeux de soci\u00e9t\u00e9 simples et classiques aux jeux vid\u00e9o, en passant [&hellip;]","og_url":"https:\/\/jarjar.blog\/wordpress\/index.php\/a-propos-de-moi\/","og_site_name":"Le journal de Jarjar","article_modified_time":"2026-03-27T10:34:57+00:00","og_image":[{"url":"http:\/\/jarjar.blog\/wordpress\/wp-content\/uploads\/2024\/09\/PXL_20220426_235323996.jpg","type":"","width":"","height":""}],"twitter_card":"summary_large_image","twitter_misc":{"Estimation du temps de lecture":"4 minutes"},"schema":{"@context":"https:\/\/schema.org","@graph":[{"@type":"WebPage","@id":"https:\/\/jarjar.blog\/wordpress\/index.php\/a-propos-de-moi\/","url":"https:\/\/jarjar.blog\/wordpress\/index.php\/a-propos-de-moi\/","name":"\u00c0 propos de moi - Le journal de Jarjar","isPartOf":{"@id":"https:\/\/jarjar.blog\/wordpress\/#website"},"primaryImageOfPage":{"@id":"https:\/\/jarjar.blog\/wordpress\/index.php\/a-propos-de-moi\/#primaryimage"},"image":{"@id":"https:\/\/jarjar.blog\/wordpress\/index.php\/a-propos-de-moi\/#primaryimage"},"thumbnailUrl":"http:\/\/jarjar.blog\/wordpress\/wp-content\/uploads\/2024\/09\/PXL_20220426_235323996.jpg","datePublished":"2024-09-26T12:16:33+00:00","dateModified":"2026-03-27T10:34:57+00:00","breadcrumb":{"@id":"https:\/\/jarjar.blog\/wordpress\/index.php\/a-propos-de-moi\/#breadcrumb"},"inLanguage":"fr-CA","potentialAction":[{"@type":"ReadAction","target":["https:\/\/jarjar.blog\/wordpress\/index.php\/a-propos-de-moi\/"]}]},{"@type":"ImageObject","inLanguage":"fr-CA","@id":"https:\/\/jarjar.blog\/wordpress\/index.php\/a-propos-de-moi\/#primaryimage","url":"http:\/\/jarjar.blog\/wordpress\/wp-content\/uploads\/2024\/09\/PXL_20220426_235323996.jpg","contentUrl":"http:\/\/jarjar.blog\/wordpress\/wp-content\/uploads\/2024\/09\/PXL_20220426_235323996.jpg"},{"@type":"BreadcrumbList","@id":"https:\/\/jarjar.blog\/wordpress\/index.php\/a-propos-de-moi\/#breadcrumb","itemListElement":[{"@type":"ListItem","position":1,"name":"Accueil","item":"https:\/\/jarjar.blog\/wordpress\/"},{"@type":"ListItem","position":2,"name":"\u00c0 propos de moi"}]},{"@type":"WebSite","@id":"https:\/\/jarjar.blog\/wordpress\/#website","url":"https:\/\/jarjar.blog\/wordpress\/","name":"Le journal de Jarjar","description":"Jeux de soci\u00e9t\u00e9 : faits, analyses, comptes rendus et critiques personnelles","publisher":{"@id":"https:\/\/jarjar.blog\/wordpress\/#\/schema\/person\/29a624ba0374f5ca7f517b03bbb9a016"},"potentialAction":[{"@type":"SearchAction","target":{"@type":"EntryPoint","urlTemplate":"https:\/\/jarjar.blog\/wordpress\/?s={search_term_string}"},"query-input":{"@type":"PropertyValueSpecification","valueRequired":true,"valueName":"search_term_string"}}],"inLanguage":"fr-CA"},{"@type":["Person","Organization"],"@id":"https:\/\/jarjar.blog\/wordpress\/#\/schema\/person\/29a624ba0374f5ca7f517b03bbb9a016","name":"Jarjar","image":{"@type":"ImageObject","inLanguage":"fr-CA","@id":"https:\/\/jarjar.blog\/wordpress\/wp-content\/uploads\/2024\/12\/cropped-Jar-Jar-Binks-icon.png","url":"https:\/\/jarjar.blog\/wordpress\/wp-content\/uploads\/2024\/12\/cropped-Jar-Jar-Binks-icon.png","contentUrl":"https:\/\/jarjar.blog\/wordpress\/wp-content\/uploads\/2024\/12\/cropped-Jar-Jar-Binks-icon.png","width":512,"height":512,"caption":"Jarjar"},"logo":{"@id":"https:\/\/jarjar.blog\/wordpress\/wp-content\/uploads\/2024\/12\/cropped-Jar-Jar-Binks-icon.png"},"sameAs":["http:\/\/jarjar.blog\/wordpress"]}]}},"_links":{"self":[{"href":"https:\/\/jarjar.blog\/wordpress\/index.php\/wp-json\/wp\/v2\/pages\/51","targetHints":{"allow":["GET"]}}],"collection":[{"href":"https:\/\/jarjar.blog\/wordpress\/index.php\/wp-json\/wp\/v2\/pages"}],"about":[{"href":"https:\/\/jarjar.blog\/wordpress\/index.php\/wp-json\/wp\/v2\/types\/page"}],"author":[{"embeddable":true,"href":"https:\/\/jarjar.blog\/wordpress\/index.php\/wp-json\/wp\/v2\/users\/1"}],"replies":[{"embeddable":true,"href":"https:\/\/jarjar.blog\/wordpress\/index.php\/wp-json\/wp\/v2\/comments?post=51"}],"version-history":[{"count":43,"href":"https:\/\/jarjar.blog\/wordpress\/index.php\/wp-json\/wp\/v2\/pages\/51\/revisions"}],"predecessor-version":[{"id":4464,"href":"https:\/\/jarjar.blog\/wordpress\/index.php\/wp-json\/wp\/v2\/pages\/51\/revisions\/4464"}],"wp:attachment":[{"href":"https:\/\/jarjar.blog\/wordpress\/index.php\/wp-json\/wp\/v2\/media?parent=51"}],"curies":[{"name":"wp","href":"https:\/\/api.w.org\/{rel}","templated":true}]}}